culate the highest common divisor of 4982 and 4324.
94
Calculate the highest common factor of 11 and 2314081.
11
Calculate the greatest common factor of 173536 and 7018.
638
What is the greatest common divisor of 80 and 534096?
16
Calculate the greatest common divisor of 231 and 18051.
33
Calculate the greatest common divisor of 675 and 17505.
45
What is the greatest common divisor of 399 and 136059?
399
Calculate the greatest common divisor of 875 and 9429.
7
What is the greatest common divisor of 6854 and 17204?
46
What is the greatest common factor of 91062 and 72?
18
Calculate the highest common factor of 453200 and 55.
55
Calculate the greatest common divisor of 108 and 166748.
4
What is the greatest common factor of 8415 and 1224?
153
What is the highest common divisor of 38171 and 3059?
133
Calculate the highest common divisor of 106 and 356690.
106
Calculate the greatest common factor of 90773 and 86.
43
What is the greatest common factor of 85 and 186184?
17
What is the greatest common factor of 725134 and 5526?
614
Calculate the highest common divisor of 2389184 and 448.
448
Calculate the greatest common factor of 1680 and 735.
105
Calculate the greatest common divisor of 23202 and 1926.
18
What is the greatest common divisor of 474 and 174274?
158
What is the greatest common factor of 2953873 and 247?
247
Calculate the greatest common factor of 20 and 2386220.
20
What is the greatest common divisor of 5263 and 50137?
277
Calculate the greatest common divisor of 5936 and 5558.
14
Calculate the highest common divisor of 61241 and 517.
47
What is the greatest common divisor of 16219 and 2499?
49
Calculate the highest common factor of 210 and 25770.
30
Calculate the greatest common factor of 338 and 178581.
13
Calculate the greatest common divisor of 217816 and 152.
152
Calculate the greatest common factor of 34560 and 168.
24
What is the greatest common divisor of 63 and 3050019?
63
Calculate the highest common divisor of 820 and 5721140.
820
Calculate the greatest common factor of 260 and 1114646.
26
What is the greatest common factor of 7845 and 120?
15
Calculate the highest common factor of 25 and 265.
5
Calculate the greatest common factor of 612 and 70.
2
Calculate the greatest common divisor of 9251 and 5104.
319
What is the greatest common divisor of 216 and 4584?
24
What is the highest common factor of 1371 and 516?
3
What is the highest common divisor of 2080 and 25792?
416
What is the greatest common factor of 3886 and 50786?
134
Calculate the highest common factor of 55 and 3161829.
11
Calculate the greatest common divisor of 41294 and 154.
22
What is the highest common divisor of 43 and 1090953?
43
Calculate the highest common divisor of 305614 and 82.
82
What is the highest common factor of 299 and 909903?
23
What is the highest common divisor of 130 and 6890?
130
Calculate the greatest common divisor of 84119 and 1708.
427
Calculate the highest common divisor of 833 and 113141.
49
Calculate the highest common divisor of 19068 and 672.
84
What is the greatest common divisor of 38092 and 267?
89
What is the greatest common divisor of 27 and 10974?
3
Calculate the highest common factor of 180 and 5424.
12
Calculate the highest common factor of 10 and 8440.
10
What is the greatest common factor of 385 and 182805?
35
Calculate the greatest common divisor of 242 and 9802.
2
Calculate the greatest common divisor of 633974 and 22.
22
Calculate the greatest common divisor of 21 and 81774.
21
Calculate the greatest common divisor of 40 and 6980.
20
What is the highest common factor of 369810 and 1260?
630
What is the highest common factor of 60 and 4417780?
20
Calculate the highest common divisor of 5 and 50035.
5
What is the greatest common divisor of 96 and 4373808?
48
Calculate the greatest common factor of 177 and 180363.
177
Calculate the greatest common factor of 40080 and 6346.
334
Calculate the greatest common divisor of 164573 and 40523.
827
What is the highest common divisor of 27301 and 1311?
23
Calculate the highest common factor of 107985 and 195.
15
Calculate the highest common factor of 25242 and 2058.
42
Calculate the greatest common factor of 1769 and 3335.
29
Calculate the highest common divisor of 1852224 and 1584.
528
Calculate the highest common factor of 11 and 19811.
11
Calculate the highest common divisor of 64264 and 1624.
232
Calculate the greatest common factor of 685488 and 576.
48
What is the highest common factor of 37711 and 43?
43
What is the highest common factor of 12 and 56868?
12
Calculate the highest common factor of 130 and 502190.
130
What is the greatest common divisor of 104 and 2551432?
104
Calculate the greatest common divisor of 102288 and 28.
4
Calculate the greatest common factor of 1220 and 3000.
20
Calculate the highest common divisor of 199469 and 692.
173
Calculate the greatest common divisor of 6390 and 10890.
90
Calculate the highest common divisor of 1100 and 401150.
50
What is the greatest common divisor of 21156014 and 22?
22
Calculate the highest common divisor of 194 and 706.
2
Calculate the greatest common divisor of 25088 and 22512.
112
Calculate the highest common factor of 234282 and 36.
6
Calculate the highest common factor of 1 and 2464.
1
What is the highest common factor of 2102618 and 202?
202
Calculate the greatest common factor of 135 and 2844045.
135
Calculate the greatest common divisor of 408 and 256.
8
What is the greatest common factor of 55524 and 168?
84
Calculate the greatest common factor of 15 and 3018.
3
Calculate the highest common factor of 48096 and 36.
36
What is the highest common factor of 1239990 and 30?
30
Calculate the highest common factor of 403426 and 86.
86
What is the highest common factor of 144 and 706824?
72
Calculate the highest common factor of 564 and 67740.
12
Calculate the highest common factor of 46662 and 56.
14
Calculate the highest common divisor of 607035 and 130.
65
Calculate the greatest common factor of 1205 and 305.
5
What is the highest common factor of 99 and 125532?
99
Calculate the highest common divisor of 6 and 10473.
3
What is the greatest common divisor of 84 and 2362640?
28
Calculate the highest common divisor of 3726 and 1472.
46
What is the greatest common divisor of 748 and 8?
4
What is the highest common factor of 1695365 and 18585?
2065
What is the highest common factor of 14750 and 2714?
118
What is the greatest common divisor of 399 and 7752?
57
What is the highest common divisor of 87048 and 2883?
93
Calculate the greatest common divisor of 7 and 719362.
7
What is the greatest common divisor of 236 and 1346498?
118
Calculate the highest common divisor of 3132 and 9423.
27
Calculate the highest common factor of 3465 and 8925.
105
Calculate the highest common factor of 3630 and 6105.
165
What is the greatest common factor of 64218 and 924?
462
What is the greatest common factor of 10 and 1370770?
10
What is the highest common divisor of 62 and 2504?
2
What is the greatest common divisor of 2867 and 127793?
47
What is the greatest common factor of 135 and 4887?
27
Calculate the highest common divisor of 5798 and 78.
26
Calculate the greatest common divisor of 47700 and 800.
100
What is the greatest common factor of 3706 and 43818?
218
Calculate the greatest common factor of 71090 and 550.
10
Calculate the highest common divisor of 231007 and 854.
427
Calculate the greatest common divisor of 17682 and 399.
21
What is the greatest common divisor of 651 and 3526901?
217
Calculate the highest common divisor of 156 and 30979.
13
What is the highest common divisor of 1723956 and 780?
156
Calculate the greatest common factor of 18908 and 2088.
116
What is the highest common factor of 87030 and 90?
90
Calculate the highest common divisor of 275 and 152075.
275
What is the greatest common factor of 5236 and 539?
77
What is the greatest common divisor of 71015 and 1715?
35
Calculate the highest common divisor of 1134 and 136262.
14
What is the greatest common factor of 384 and 54816?
96
Calculate the highest common factor of 120 and 985080.
120
What is the greatest common factor of 174 and 12238?
58
Calculate the greatest common factor of 6808 and 79396.
92
Calculate the greatest common divisor of 2740 and 6355430.